-21 - -39. List the prime factors of o.
2, 3
Let u = 154 - 90. Suppose 0*x + u = 4*x. What are the prime factors of x?
2
Suppose -5*g + 11 = 2*x, 0 = x - 5*g - 0 + 2. Suppose -2*c + 8 = -b, -5*c - x = -3*b - 22. What are the prime factors of b?
2
Let y = 15 + -36. Let q = y - -32. What are the prime factors of q?
11
Let u = -27 + 48. Suppose j + o = u, -7*o = -4*o + 3. What are the prime factors of j?
2, 11
Suppose -3*w + 160 = -w. Suppose 28 = 4*b - w. List the prime factors of b.
3
Let n(h) = -h**2 + 12*h + 5. List the prime factors of n(8).
37
Let v = -35 - -3. Suppose 5*d = -0*d + 225. Let z = v + d. List the prime factors of z.
13
List the prime factors of (150/4 - (2 + 1))*2.
3, 23
Let u = -218 + 323. Suppose 11*v - 6*v = u. List the prime factors of v.
3, 7
Let r be (-29)/(-2)*4 + -4. List the prime factors of -4 + 6 + r + 0.
2, 7
Suppose 148 = j + 3*j. What are the prime factors of j?
37
List the prime factors of (-8)/(-28) - (-290)/14.
3, 7
Let b = 2 + 0. Suppose 4*u + 28 = b*i, 5*i - i + 5*u = 95. Suppose -4*k - i = 0, -4*f + 60 + 11 = k. What are the prime factors of f?
19
Let j(h) = h**3 - 9*h**2 - 6*h + 2. What are the prime factors of j(10)?
2, 3, 7
Let u(n) = -n**2 - 9*n - 4. Let o be u(-6). Let i = o - 6. List the prime factors of i.
2
Let w(l) = 12*l - 1. Let u be w(-1). Let k = u + 32. Suppose -3*q = 4*t - k, -2*t + 3*q + 18 = -5. What are the prime factors of t?
7
Suppose -t + 16 = 3*t. Let v = -1 + t. Suppose -10 = -2*g - v*g. What are the prime factors of g?
2
Let s(m) = -m**3 + 13*m**2 - 19*m - 1. List the prime factors of s(11).
2
Let t(h) = -7*h**3 - h**2 + h + 1. Let k be t(-1). Suppose k*a - 54 = -2*f + 2*a, -4*a = -f + 9. What are the prime factors of f?
3, 7
Let h be (-66)/(-14) - 4/(-14). Let r(a) = a**3 + 5*a**2 - 6*a + 7. Let b be r(-6). Let n = b - h. What are the prime factors of n?
2
Suppose 0 = n - 3*f - 10, 5*f - 4 = -14. Let g(p) = -p**3 + 5*p**2 - 4*p + 4. List the prime factors of g(n).
2
Let n = 336 - 198. List the prime factors of n.
2, 3, 23
Suppose -4*z - 3*o = 13, 0*o + 4 = 2*z - 2*o. Let h = z + 1. What are the prime factors of (-1 - h)*(-14)/2?
7
Suppose 3*h - 6*h + 39 = 0. List the prime factors of h.
13
Let x(u) = -u**2 + u + 72. List the prime factors of x(0).
2, 3
Let g = -3 + 27. Let j = g + -16. What are the prime factors of j?
2
Suppose 1607 = 17*w - 943. What are the prime factors of w?
2, 3, 5
Let x = 8 + -7. Suppose 2*o = -5 - x. List the prime factors of (-1)/(o + 2)*13.
13
Let r(m) = m**2 + 11*m + 24. List the prime factors of r(-13).
2, 5
Suppose 0 = -6*k + 2*k + 120. What are the prime factors of k?
2, 3, 5
Suppose 2*z = 205 + 79. What are the prime factors of z?
2, 71
Let t = 85 + -45. Suppose 2*l = -2*b + 20, t = 2*b + 2*b + l. List the prime factors of b.
2, 5
Suppose 0 = -5*f + 20 + 35. What are the prime factors of f?
11
Suppose -25*c + 18*c = -483. What are the prime factors of c?
3, 23
Suppose 2*w - 24 = -5*d - 7, -3*w - 2*d = 2. Let o = 13 - w. List the prime factors of o.
17
Let n(z) = -13*z**3 - 1. Let m be 2/4*(8 + 0). Suppose -m*i = 5 - 1. What are the prime factors of n(i)?
2, 3
Let g(i) = 2*i**2 - 2*i + 1. Let b be g(2). Suppose 0 = b*o - 3*o - 20. What are the prime factors of o?
2, 5
Let n = 69 + -18. List the prime factors of n.
3, 17
Suppose 0 = 5*n - 652 + 142. List the prime factors of n.
2, 3, 17
Let t(y) = -y**3 + 9*y**2 - 9*y + 8. Let p be t(8). Suppose 5*i - 2*z - 35 = p, -5*i + 3*z + 40 = 2*z. What are the prime factors of i?
3
Let m = 16 - 11. Suppose -p = l - 0*p - 26, 0 = -2*l + m*p + 24. What are the prime factors of l?
2, 11
Let s(h) = -8*h + 1. Let z be s(1). Let w be -8 - z - (2 + -1). What are the prime factors of (0 - 1/w)*28?
2, 7
Let p(b) = b**3 - 5*b**2 - b + 4. Let u be p(5). What are the prime factors of (20 - -2) + 2/u?
2, 5
Let d = -51 + 27. Let h = d + 15. Let a(q) = q + 17. What are the prime factors of a(h)?
2
Let z be (1 + (-3)/3)/1. Suppose a - 2*f - 36 = z, -17 - 50 = -2*a - f. What are the prime factors of a?
2, 17
Suppose o + 6 = 9. Suppose 2*h = t - 24, -t + 0*h - o*h = -14. Let k = t - 5. List the prime factors of k.
3, 5
Let h(o) = o**2 - 4*o - 5. List the prime factors of h(7).
2
List the prime factors of (3/(-2))/((-6)/84).
3, 7
Suppose j = -1 - 2. Let x = 10 - j. List the prime factors of x.
13
List the prime factors of (-96)/36*126/(-8).
2, 3, 7
Let t(g) = -3*g + 1. List the prime factors of t(-4).
13
Let l = -7 + 7. Suppose 2*g + l*g = 28. What are the prime factors of g?
2, 7
Let n be 5/(10/18) - -1. Let w(v) = v**3 - 10*v**2 + 4*v - 12. List the prime factors of w(n).
2, 7
Let d(b) = -b**2 - 16*b + 13. List the prime factors of d(-9).
2, 19
Let v(y) = 4*y**2 + y - 1. Let d be v(1). Let x be (-18)/d + 3/6. What are the prime factors of (-6)/x*40/6?
2, 5
Suppose -17*g + 15*g + 238 = 0. List the prime factors of g.
7, 17
Suppose -5*k - 4 + 14 = 0. Suppose -v - 4*v - k*g = -58, -5*g = -20. Suppose 2 = -4*t + v. What are the prime factors of t?
2
Let k(x) = x**3 + 9*x**2 - 11*x + 7. What are the prime factors of k(-9)?
2, 53
Let w(l) = -l**2 + 8*l - 8. Let p be w(6). Suppose -2*d = -p*d. Suppose -z = -d*z - 8. What are the prime factors of z?
2
Let j = 17 - 26. Let v = j - 1. Let k = 2 - v. What are the prime factors of k?
2, 3
What are the prime factors of 2/12 + (-5654)/(-132)?
43
Let k be (-6)/(-4) - 6/(-4). Suppose 3*c = -2*t + 4, 3*t + 8 - k = c. Suppose 4 = 2*o - c*j, 5*j - 17 - 15 = -o. What are the prime factors of o?
7
List the prime factors of (-2 + 7)/(2 + -5)*-15.
5
Suppose -2*y - t - 3*t + 118 = 0, y - 5*t - 66 = 0. What are the prime factors of y?
61
Suppose 3591 = 9*x + 1008. What are the prime factors of x?
7, 41
Let o = 10 - 10. Suppose o = -3*m + 5*m + 8. List the prime factors of ((-15)/(-2))/((-2)/m).
3, 5
Let k(m) = -m - 4. Let v be k(-6). Suppose -5*i = 11 + 4. Let n = v - i. List the prime factors of n.
5
Suppose o + 3*o = 148. What are the prime factors of o?
37
Let b = -111 - -197. What are the prime factors of b?
2, 43
Suppose 6*s - 35 = 211. List the prime factors of s.
41
Suppose -5*i = 83 - 538. List the prime factors of i.
7, 13
Let u = 6 + -8. Let v = 5 - u. List the prime factors of v.
7
Suppose -18 = -2*x + 18. What are the prime factors of x?
2, 3
Let k(b) = 11*b**2 + 0*b**2 + b**2 + 4*b**3 + 1 - 6*b - 2*b**3. List the prime factors of k(-6).
37
Suppose -4 = -p + 5. List the prime factors of (3/p)/((-1)/(-30)).
2, 5
Let p = 38 - 17. What are the prime factors of p?
3, 7
Let i(v) = v + 10. Let c be i(-5). Suppose -c = -4*h - 0*h + 5*u, -4*h - 4*u + 32 = 0. Suppose -h*f = -5, 2*t = 7*t - 2*f - 48. What are the prime factors of t?
2, 5
Let b = -36 - -50. What are the prime factors of b?
2, 7
Let v = 16 + -6. List the prime factors of v.
2, 5
Let a = -206 + 380. What are the prime factors of a?
2, 3, 29
Let w(k) be the first derivative of 2*k**2 + 3. What are the prime factors of w(4)?
2
Let n be ((-24)/(-30))/((-2)/10). List the prime factors of -3*-86*n/(-24).
43
Suppose 37*q - 39*q + 36 = 0. Let a(x) = -x**3 + 7*x**2 + 8*x - 6. Let c be a(8). Let y = q + c. List the prime factors of y.
2, 3
Let r(f) = 2*f**2 - 2*f - 6. Let u be r(3). Suppose 177 = u*t - 3*t. List the prime factors of t.
59
Let u = -8 - -10. Suppose 2*z + u*v = -2*v + 20, 0 = v. What are the prime factors of z?
2, 5
Suppose 45 = 5*w + 5*d, -5*w - d = -2*w - 33. Let i be (-2 + 3)*-3 + 6. What are the prime factors of w*2/i*1?
2
Suppose -q + 4*q - 15 = -2*d, -3*q - 15 = -3*d. Suppose 0 = -4*z + d*z - 50. What are the prime factors of z?
5
Suppose 11 = 3*n - 1. What are the prime factors of -2 - -2 - n*-3?
2, 3
Suppose 3*w + w = 12. Suppose 0 = w*t - 25 - 2. List the prime factors of t.
3
Let f = 7 + -10. What are the prime factors of (-2)/3 - 65/f?
3, 7
List the prime factors of ((-198)/(-30))/((-2)/(-10)).
3, 11
Let m be (-4)/3*(-9)/2. Let w = -7 + 3. Let y = w + m. What are the prime factors of y?
2
Let l = -4 + -3. Let j = l + 17. What are the prime factors of j?
2, 5
Let n(m) = 2*m**2 + m + 2. Let r = -2 - -5. Let w be r*(-3)/(18/(-4)). List the prime factors of n(w).
2, 3
Let s(r) = r + 10. Suppose 4*n = -7 + 19. Suppose -5*v + b - n = 0, 2 = 5*v + 3*b - 7. What are the prime factors of s(v)?
2, 5
Let v(y) = 2*y - 2. Let r be